t**2 + 97*t - 19094. Calculate x(41).
12
Let a(z) = -102*z - 676. Calculate a(8).
-1492
Let t(j) = -12727*j - 152825. Determine t(-12).
-101
Let f(u) = 219*u**2 + 107070*u - 10262. Determine f(-489).
7
Let c(g) = -12*g**3 + 1968*g**2 + 12*g - 1922. Determine c(164).
46
Let p(x) = 136838*x - 1505253. What is p(11)?
-35
Let s(z) = -z**2 - 10652*z - 477291. Give s(-45).
24
Let z(o) = -30635*o - 1409170. What is z(-46)?
40
Let i(o) = 73*o**2 - 2485*o - 10. Calculate i(34).
-112
Let j(a) = -a**2 + 115*a - 4828. What is j(79)?
-1984
Let d(v) = -43297*v - 2857562. Determine d(-66).
40
Let q(z) = 318*z + 33698. What is q(-110)?
-1282
Let j(q) = 310991*q - 621919. Calculate j(2).
63
Let q(r) = -151*r + 1362. What is q(6)?
456
Let j(o) = 19*o**3 - 230*o**2 - 368*o + 4698. Determine j(12).
-6
Let h(l) = 19159*l + 57120. What is h(-3)?
-357
Let u(d) = -2*d**3 - 19*d**2 - 996*d - 10083. What is u(-10)?
-23
Let n(z) = 61*z**2 + 312*z - 1527. Determine n(5).
1558
Let h(x) = -8*x**2 - 55*x + 92. What is h(-9)?
-61
Let g(p) = 25*p**2 - 499*p + 455. Give g(19).
-1
Let f(t) = -2*t**3 + 81*t**2 + 468*t - 22806. What is f(39)?
9
Let u(i) = i**3 - 184*i**2 - 90*i + 49846. Give u(183).
-113
Let c(u) = -191*u + 1163. Calculate c(12).
-1129
Let n(f) = 9*f**2 - 424*f + 59. Give n(6).
-2161
Let q(a) = 6*a**2 - 321*a + 3. Determine q(51).
-762
Let h(a) = 3*a**2 + 3443*a - 62522. Give h(18).
424
Let t(x) = 50*x + 4064. What is t(-69)?
614
Let w(l) = -12*l**2 + 1453*l + 77300. What is w(-40)?
-20
Let r(v) = -v**3 - 53*v**2 - 83*v + 699. Determine r(-51).
-270
Let h(q) = -2*q**2 + 104*q + 636. Give h(57).
66
Let s(m) = -131530*m - 3682844. What is s(-28)?
-4
Let i(f) = 1163*f + 7685. Determine i(-7).
-456
Let j(w) = -2*w**3 + 150*w**2 - 702*w + 96. Give j(70).
-44
Let y(x) = -7769*x + 31058. Calculate y(4).
-18
Let y(z) = 3626*z - 81198. Calculate y(22).
-1426
Let o(b) = 2*b**3 - 10*b**2 + 935*b - 6638. What is o(7)?
103
Let z(u) = 76649*u - 153356. Calculate z(2).
-58
Let z(o) = -13*o**3 - 64*o**2 - 111*o - 416. Determine z(-5).
164
Let q(p) = -130*p**2 + 7018*p + 111. Calculate q(54).
3
Let g(f) = -1392*f + 460715. Calculate g(331).
-37
Let d(y) = -42*y**3 + 23323*y**2 - 7232*y + 9424. Calculate d(555).
-11
Let z(x) = 83914*x + 335660. Determine z(-4).
4
Let b(q) = 16*q**2 + 76*q - 46. Give b(8).
1586
Let o(d) = 4*d**2 + 203*d - 282. Calculate o(-65).
3423
Let z(r) = -24*r**2 + 954*r - 3436. What is z(4)?
-4
Let z(j) = 48*j**2 + 127*j + 67. What is z(-1)?
-12
Let i(p) = -2*p**3 - 556*p**2 - 76*p - 20889. What is i(-278)?
239
Let a(l) = -114*l - 275. Determine a(-12).
1093
Let t(a) = -a**3 + 18*a**2 + 964*a - 18649. Determine t(20).
-169
Let r(y) = 549*y - 19376. Calculate r(33).
-1259
Let g(i) = -179*i + 2787. Give g(11).
818
Let b(p) = -2*p**3 + 53*p**2 - 216*p - 188. Give b(21).
127
Let p(u) = -4022*u**2 - 201100*u + 9. Calculate p(-50).
9
Let r(w) = -233*w - 18245. Calculate r(-78).
-71
Let t(d) = d**3 + 36*d**2 + 296*d - 52. Determine t(-18).
452
Let y(s) = -s**2 + 252*s + 5397. Give y(-24).
-1227
Let q(d) = d**3 + 37*d**2 + 71*d + 1037. What is q(-36)?
-223
Let r(c) = -418593*c - 5023124. Give r(-12).
-8
Let h(g) = -g**2 + 1246*g + 15077. Give h(-12).
-19
Let n(g) = 2*g**3 - 55*g**2 + 102*g - 1. Give n(2).
-1
Let w(s) = 284*s + 5872. What is w(-21)?
-92
Let m(g) = 223*g**3 + 4*g**2 + 8*g + 3. Determine m(-1).
-224
Let k(x) = -x**3 + 1253*x**2 + 6296*x - 35. What is k(-5)?
-65
Let k(a) = 4388*a - 13206. Determine k(3).
-42
Let v(l) = l**3 + 45*l**2 + 260*l + 12968. Calculate v(-45).
1268
Let q(m) = m**3 - 97*m**2 + 395*m - 2142. Give q(93).
-3
Let j(f) = f**3 + 5*f**2 - 55*f + 470. What is j(0)?
470
Let v(u) = -u**3 + 31*u**2 + 1322*u - 131. Calculate v(55).
-21
Let c(q) = -2*q**3 + 18*q**2 + 9239*q - 83129. What is c(9)?
22
Let n(z) = -2*z**2 + 64*z - 414. What is n(23)?
0
Let p(i) = i**2 - 152*i + 301. Calculate p(150).
1
Let u(d) = d**3 + 289*d**2 - 905*d - 8464. What is u(-292)?
4
Let n(j) = -1640*j - 13796. Give n(-10).
2604
Let l(k) = -2907*k**2 - 8772*k - 146. What is l(-3)?
7
Let x(u) = u**3 - 4*u**2 + 2205*u - 8814. Give x(4).
6
Let b(f) = -43*f**2 - 477*f + 74. Determine b(-11).
118
Let m(c) = -c**3 + 15*c**2 + 81*c + 21. Determine m(-3).
-60
Let t(j) = -2*j**3 - 45*j**2 + 1345*j - 22. Give t(17).
12
Let n(t) = 57954*t + 115937. What is n(-2)?
29
Let o(l) = 3*l**2 + 2131*l - 34044. Give o(16).
820
Let f(y) = y**3 - 83*y**2 + 106*y - 2216. Calculate f(82).
-248
Let h(d) = -5363*d - 16114. What is h(-3)?
-25
Let d(c) = -39*c**2 - 422*c - 86. Give d(-11).
-163
Let x(m) = m**2 + 321*m - 55722. Determine x(125).
28
Let z(u) = 12458*u - 5631011. Calculate z(452).
5
Let o(c) = -23317*c - 279887. Calculate o(-12).
-83
Let b(y) = 2*y**3 - 51*y**2 - 58*y - 654. Determine b(27).
-33
Let u(g) = 860*g + 180662. What is u(-210)?
62
Let c(r) = -53*r**3 + 632*r**2 - 559*r + 227. Determine c(11).
7
Let o(w) = -6*w**2 + 4659*w + 18622. What is o(-4)?
-110
Let g(a) = 11157*a + 111591. Determine g(-10).
21
Let h(d) = -213*d + 6673. Determine h(33).
-356
Let c(y) = 112*y**2 + 1511*y - 47. What is c(-15)?
2488
Let d(l) = 12461*l - 124637. What is d(10)?
-27
Let x(w) = 8296*w - 99597. Give x(12).
-45
Let n(b) = -873561*b - 13976975. Calculate n(-16).
1
Let l(t) = -35*t**2 - 1865*t - 8892. Calculate l(-48).
-12
Let g(f) = -f**2 - 39162*f - 5424204. What is g(-139)?
-7
Let s(k) = -3*k**3 - 121*k**2 - 1213*k + 105. Determine s(-20).
-35
Let m(p) = p**2 + 617*p - 147393. What is m(184)?
-9
Let j(p) = -24*p**2 + 3930*p + 32963. Determine j(-8).
-13
Let t(j) = -j**3 + 83*j**2 - 34413*j + 2981711. Calculate t(86).
5
Let g(x) = -4895*x - 4068. Give g(-1).
827
Let t(y) = 5*y**3 - 24*y**2 - 58*y + 153. Calculate t(6).
21
Let j(c) = c**3 + 220*c**2 - 1507*c - 34257. Determine j(-226).
-131
Let m(q) = q**3 - 136*q**2 - 17850*q + 2112. Calculate m(-82).
-20
Let m(d) = -65289*d + 1632240. What is m(25)?
15
Let k(m) = 21*m**2 - 30145*m - 60296. Calculate k(-2).
78
Let b(i) = -4*i**3 - 80*i**2 - 483*i - 736. Determine b(-3).
101
Let k(f) = -f**2 + 64711*f - 452873. What is k(7)?
55
Let b(m) = -41319*m - 23345236. Determine b(-565).
-1
Let g(c) = 2*c**3 - 43*c**2 + 441*c - 1664. Calculate g(7).
2
Let h(q) = 36*q**2 + 12476*q + 6906. Calculate h(-346).
-14
Let z(f) = 1680*f - 725782. Calculate z(432).
-22
Let m(n) = 2508*n + 300510. Calculate m(-120).
-450
Let k(h) = -22*h**2 - 602*h - 5411. Determine k(-9).
-1775
Let l(m) = 163*m**2 - 38*m + 19. What is l(-2)?
747
Let l(f) = -20814*f + 478674. Determine l(23).
-48
Let w(n) = -7575*n - 113691. Give w(-15).
-66
Let o(s) = -3*s**3 - 303*s**2 - 308*s - 706. Calculate o(-100).
94
Let a(u) = -u**3 - 9*u**2 + 28*u + 309. Calculate a(-6).
33
Let g(r) = 1228*r**2 - 3815*r + 6. Calculate g(3).
-387
Let t(z) = 16*z**3 + 304*z**2 - 5*z - 83. What is t(-19)?
12
Let a(n) = -147*n**2 + 756*n + 13. Determine a(5).
118
Let m(f) = -f**3 + 42*f**2 - 320*f - 2709. Determine m(23).
-18
Let y(i) = i**2 + 325*i - 5456. What is y(16)?
0
Let w(x) = 7*x**2 + 18*x - 188. Determine w(6).
172
Let q(m) = 3*m**2 - 2372*m - 110189. Determine q(-44).
-13
Let n(v) = -11*v**2 - 349*v + 832. Determine n(-33).
370
Let r(p) = -6*p**2 + 62*p - 329. What is r(12)?
-449
Let j(a) = 31*a**2 + 186*a - 652. Give j(-9).
185
Let c(t) = -2097*t - 8619. What is c(-4)?
-231
Let j(t) = -4872*t - 31425. Determine j(-7).
2679
Let i(c) = c**3 - 52*c**2 - 162*c - 63. Calculate i(55).
102
Let z(i) = -1490*i + 202060. Calculate z(136).
-580
Let t(h) = 66*h**2 + 1422*h - 140. What is t(-19)?
-3332
Let c(d) = 236*d**2 - 945*d + 9. Calculate c(4).
5
Let z(a) = a**3 - 130*a**2 + 231*a - 13154. Give z(129).
4
Let i(g) = 208*g**2 - 13763*g + 2146. What is i(66)?
-164
Let u(k) = 3242*k + 6474. Give u(-2).
-10
Let d(c) = -402*c + 12216. Determine d(29).
558
Let p(j) = 3*j**3 + 16*j**2 - 20. Give p(-6).
-92
Let v(b) = 15*b**2 + 1606*b - 1512. Determine v(-108).
0
Let v(n) = -1208*n + 72651. What is v(60)?
171
Let r(s) = 3824*s - 309748. Give r(81).
-4
Let c(n) = -2*n + 107. Calculate c(4).
99
Let h(t) = 61*t**2 + 4395*t + 213. Calculate h(-72).
-3
Let r(z) = -94*z**3 - 273*z**2 + 16*z - 30. Calculate r(-3).
3
Let p(z) = z**2 + 8830*z + 500060. What is p(-57)?
-1
Let k(l) = 349*l**2 + 1375*l - 80. What is k(